*l + l + 0*l + 10 - 2*l. Determine d(6).
4
Let h(f) = f**3 + f**2 + 4*f + 6. Let o = 20986 + -20986. What is h(o)?
6
Let v(r) = -4*r**2 + 6*r**2 - r**2. Suppose -270*p - 1828 + 2368 = 0. Calculate v(p).
4
Let l(b) = 11*b**2 - 5 + 16*b**2 - 41*b**2 + 4*b + 15*b**2. Let m be -11 + (-9)/(9/(-4)). Give l(m).
16
Suppose n = -5 + 7. Suppose -d - n = -4. Let f(a) = 4*a**2 + 1. What is f(d)?
17
Suppose 15*b + 3891 - 4041 = 0. Let l(q) = -q**3 + 9*q**2 + 4*q - 4. What is l(b)?
-64
Let n(i) = i**3 + 6*i**2 + 6*i + 2. Suppose -17*a + 51*a = 4*a - 120. Calculate n(a).
10
Let v(w) = w**3 - 12*w**2 + 12*w + 15. Let a be v(11). Let k be 48/a - (24/(-52))/3. Let f(r) = 9*r - k*r + 2 - 3. What is f(-1)?
-8
Let n = -37 - -23. Let z = 6 + n. Let w be 30/z - (-6)/8. Let q(v) = -3*v + 4. Determine q(w).
13
Let k(i) be the third derivative of i**6/120 + i**5/15 - 3*i**4/8 - i**3/2 - 2080*i**2. Suppose -30 = 3*d + 2*d. Calculate k(d).
-21
Let j(r) = -5*r**2 - 8*r - 5. Let m(k) = -4*k**2 - 8*k - 4. Let s(t) = -5*j(t) + 6*m(t). Let x = -12272 - -12278. What is s(x)?
-11
Let j be -2 + -4 + 6 + 1. Let f(o) = -9*o**2 - 1 + 8*o**2 + 4*o - 2*o + 3*o**2. Calculate f(j).
3
Let n(k) = -81*k - 84*k + 320*k - 80*k - 80*k - 1. Determine n(-4).
19
Let o(k) be the first derivative of -k**4/24 + k**3/2 + 67*k**2 - 93. Let r(z) be the second derivative of o(z). Suppose b = -4*b - 30. Give r(b).
9
Let t be 175/10*16/40. Let s = 5 + 1. Let l(d) = -2*d - 1 + s + d. Calculate l(t).
-2
Let i(u) = -8*u**3 - 5*u**2 + 13*u - 31. Let p(h) = -7*h**3 - 5*h**2 + 11*h - 27. Let q(n) = -6*i(n) + 7*p(n). Let w be 5/20 + (-42)/8. Calculate q(w).
2
Let q(k) = -k**3 + 4*k**2 + 8*k - 13. Let j be q(5). Let a(x) = 2*x**2 - 4*x**2 + 2*x**3 - j - 5*x**2 + 4*x**2 + 3*x. Calculate a(3).
34
Let c(t) = -5*t - 48*t + 61*t - 161. What is c(21)?
7
Let m(z) = z**2 + 7*z - 6. Let u = -101 - -172. Suppose 4*r - 9 = u. Suppose 0 = 3*k - 5 + r. What is m(k)?
-16
Let z(h) be the third derivative of h**6/120 + 17*h**5/60 + 35*h**4/24 + 7*h**3/2 - 2865*h**2. Calculate z(-15).
-54
Let n be ((-8400)/63)/(-25) + -1*(-2)/3. Let k(s) = 9*s - 51. Calculate k(n).
3
Let u(r) = r**3 + r. Let d(a) be the second derivative of a**5/5 - a**4/3 + a**3/2 - 3*a**2/2 + 4*a - 10. Let h(m) = d(m) - 3*u(m). Give h(4).
-3
Let z(w) = 11*w**2 - 2*w - 4. Let s(g) = -36*g**2 + 13*g + 34. Let h(n) = 9*n**2 - 3*n - 8. Let k(p) = 9*h(p) + 2*s(p). Let q(m) = -6*k(m) + 5*z(m). Give q(4).
4
Let k(a) = 1230*a**2 + 15*a - 2470*a**2 - 44 + 1239*a**2. Calculate k(11).
0
Let z = 3262 - 3268. Let a(c) = -4*c**2 - 31*c - 50. What is a(z)?
-8
Let w(x) = -4*x**3 - 8*x**2 + 8*x + 30. Let d be w(-2). Let p(n) be the third derivative of -1/3*n**3 + 1/60*n**5 + 0 + 0*n - d*n**2 + 5/24*n**4. What is p(-4)?
-6
Let h be (3 + (-117)/27)/(2/(-3)). Let b(x) = -x**3 + 7*x**h - 16*x**3 + 10*x + 16*x**3 - 11 - 3*x. What is b(8)?
-19
Suppose -33 = 5*b - 6*b + 5*k, -3*k - 183 = -4*b. Let s(y) = -1 - b*y**2 + 26*y**2 - y + 7*y - 6*y. Let l be (2/6)/((-4)/12). Give s(l).
-23
Let u(q) = q + 2. Suppose k + 0 = -2. Let c be u(k). Let j(v) = -11109*v + 22219*v - 4 + 1 - 11109*v + v**3. Calculate j(c).
-3
Let q(s) be the first derivative of 7/24*s**4 + 0*s**2 + 2*s - 23 + 3/40*s**5 + 8/3*s**3 + 1/360*s**6. Let c(a) be the third derivative of q(a). Give c(-9).
7
Let r(y) be the first derivative of -y**2 + 1/6*y**3 - 13*y + 1/3*y**4 + 6. Let q(x) be the first derivative of r(x). Give q(-2).
12
Let l(a) = -a + 2. Let w = 20 + -11. Let j = -306 - -321. Suppose -j*m + 30 = -w*m. Give l(m).
-3
Let b(v) = -61 + 18*v + 22 + 16*v + 23 + 19. Calculate b(2).
71
Let h(l) = l**3 + 6*l**2 + l - 13. Let s be h(-3). Suppose -72 = s*d + d. Let a(y) = -y**3 - 6*y**2 - y - 8. Determine a(d).
-2
Suppose -78*w + 11*w + 15*w = 0. Let d(s) be the first derivative of s**2/2 - 14*s - 1. Calculate d(w).
-14
Let b(a) = a + 5*a - 3 - 11*a + 4. Suppose x + y - 1 = 11, 0 = -3*x - 2*y + 31. Suppose -x*d + 9 = 2. What is b(d)?
-4
Let p(h) = -14*h + 304. Let b be (693/(-84))/((-88)/576 - (-2)/(-9)). Determine p(b).
-4
Suppose 36*z = -31*z - 36917. Let t = -554 - z. Let p(q) = 10*q + 1. Calculate p(t).
-29
Let t(n) = -3*n**2 + 12*n + 26. Let u(h) = -h**2 + 4*h + 9. Suppose 513*i - 16 = 515*i. Let j(b) = i*u(b) + 3*t(b). Determine j(-2).
-6
Let z be (15/9 - -1)/((-2)/180). Let w = -236 - z. Let h(r) = 0*r**2 - 3*r + 5*r - r**2. Determine h(w).
-8
Suppose 51 = 78*t - 61*t. Let l(u) be the third derivative of -1/12*u**4 + 0 + 0*u + 1/2*u**3 - 2*u**2. Calculate l(t).
-3
Let c(l) = -l**2 - 10*l + 1. Let o be c(-9). Suppose 0*s + 5*s = -o. Let r(k) = -k - 2 - 9*k + 10*k + 3 - 4*k**2 - k. Determine r(s).
-13
Let r(h) = -9*h + 86. Let m(q) = -5*q + 43. Let l(n) = 5*m(n) - 3*r(n). Let j be l(16). Let b(y) = y**3 + 10*y**2 - 11*y + 5. What is b(j)?
5
Let b(c) = 3*c**3 + 3*c**2 - c - 3. Let x be b(1). Let s(h) = x*h - 6*h + 5*h + 508*h**2 + h**3 + 15 - 496*h**2. Calculate s(-12).
3
Suppose -5*r + 3 = 3. Let c(b) be the first derivative of -b**3/3 + b**2/2 - 27*b + 787. Give c(r).
-27
Suppose 4*s - 7 = 3*s. Let v(o) = 1. Let h(m) = -2*m - 1. Let g(n) = -3*n + 3. Let a(l) = g(l) - 2*h(l). Let z(f) = a(f) - 4*v(f). What is z(s)?
8
Let c(u) = 2*u - 1. Let i(m) = m**3 + 25*m**2 + 32*m - 19. Let d be i(-24). Let k = d + 214. Give c(k).
5
Let t(x) = -2*x**2 + 6*x**3 + 4*x + 5 + 3*x**3 - 3*x**2 - 11*x**3. Let q = -129 - -125. What is t(q)?
37
Suppose -1242*v - 1031 = 5806 + 9309. Let z(h) be the first derivative of -h**4/4 - 14*h**3/3 - 6*h**2 + 9*h - 1. Calculate z(v).
-4
Let j(x) = x**2 - 19*x - 8. Let v(c) = 5*c**2 - 17*c - 5. Let s(o) = -o**2 - o - 1. Let i(d) = -4*s(d) - v(d). Let q(w) = -6*i(w) - 7*j(w). Calculate q(6).
8
Let x(z) = -2*z**3 - z**2 - 14*z + 15. Let a = -6115 + 6116. Give x(a).
-2
Let r(w) = 469 + 50 - 4*w - 552. Give r(-8).
-1
Suppose 12 = 4*h + a, -a + 18 = 3*h + 2*a. Suppose -h*p - 16 = -6. Let k(x) = 7*x + 80 - 2*x - x**3 - 74 - 4*x**2. Give k(p).
6
Let q be ((-50)/(-4) - 15) + -15*(-2)/(-4). Let i(f) be the second derivative of -f**4/12 - 4*f**3/3 + 9*f**2/2 - f. Calculate i(q).
-11
Let v(i) = -i**3 + 2*i**2 + 5*i + 4. Let o = 0 - -23. Suppose -o + 29 = -3*m. What is v(m)?
10
Let o(z) be the third derivative of z**7/840 + z**6/36 - z**4/8 + 33*z**3/2 - 2*z**2 + 83*z. Let t(x) be the first derivative of o(x). Give t(-10).
-3
Let o(l) = -l**2 + 7*l - 5. Let x(f) be the third derivative of -f**5/60 + 3*f**4/2 - 74*f**3/3 - 2*f**2 + 29. Let w be x(31). Determine o(w).
-5
Let v = -43 - -43. Let h(r) = -1 + 2*r**2 + 0*r**2 + v + 2*r. Let o be (-7)/(84/16)*6/2. What is h(o)?
23
Let c(d) = 50*d + 3645. Let g be c(-73). Let l(f) = 18*f - 10. Give l(g).
-100
Let g be ((-385)/33 - -15)*6*(-1)/(-4). Let l(x) = x**3 + x**2 + x. Let s(a) = a**3 + 7*a**2 + 4*a - 5. Let j(k) = 2*l(k) - s(k). Calculate j(g).
-5
Let v(s) = -s**2 - 2*s + 2. Suppose 321*b - 264*b = 0. Determine v(b).
2
Let f(o) = 16*o**2 + 1 - 4*o**2 - 8*o**2 + o**3 + 7*o + 4. Calculate f(-5).
-55
Let v be ((-5)/(-2) - (8 - 5))*-34. Suppose -63 = 8*n - v*n. Let x(d) = 0*d - 7 - 2*d + 3*d. Calculate x(n).
0
Let h(x) be the first derivative of -x**4/4 - 2*x**3 - 3*x**2 - 15*x - 330. Determine h(-5).
-10
Let k = -19 + 23. Let p(v) = 1. Let i(t) = 4*t + 8. Let g(z) = k*p(z) - i(z). Suppose -5*f = j + 23, -5*j = -5*f - 2*j - 11. Determine g(f).
12
Let t(b) = b - 3. Let a(y) = -8*y. Suppose -19*c + 29*c - 30 = 0. Let q(o) = c*t(o) + a(o). Determine q(-7).
26
Let j(v) = -8*v**2 + 18*v - 7. Let c(d) = d**2 - d. Let y(q) = 6*c(q) + j(q). Let z be y(5). Let n(g) = g**3 - 2*g + 6*g - 2*g + 1 + g**2 - z*g. Give n(-2).
-1
Let t(p) be the second derivative of 53*p**3/3 - 3*p**2/2 - 10458*p. Determine t(1).
103
Suppose -3*a + 4*t + 45 = 0, a + t = -0*a + 15. Let u(q) = 6*q**2 - a*q**2 + 2*q - 1 + 14*q**2. Suppose 0 = -2*r + 7*r - 5. Give u(r).
6
Suppose f = -m + 7, 3*f + 19*m - 20*m - 1 = 0. Let p(i) = -13*i + 23. Give p(f).
-3
Let g(q) = -q**2 - 28*q + 4. Let t be g(-28). Suppose -3*w = 5*k + 22, -4*w - 7*k = -t*k + 33. Let l(v) = -v - 11. Calculate l(w).
-2
Let h(d) = -5*d**3 + 2*d. Let q = -1874 + 1873. Calculate h(q).
3
Let n(g) = -12*g**3 - 2*g**2 - g. Let c(p) = -p**3 - p**2 + 2*p - 3. Let x be c(-3). Let r be ((-4)/6)/2*x. Let a be 4/r + 1 + (-8)/12. Determine n